hat is the greatest common factor of 192 and 3712?
64
Calculate the greatest common factor of 177 and 4.
1
What is the greatest common factor of 470 and 140?
10
Calculate the greatest common divisor of 20 and 18.
2
What is the greatest common divisor of 265 and 371?
53
Calculate the highest common factor of 108 and 444.
12
Calculate the greatest common factor of 129 and 15.
3
What is the greatest common factor of 35 and 385?
35
Calculate the greatest common divisor of 48 and 744.
24
Calculate the highest common divisor of 6104 and 28.
28
What is the highest common factor of 99 and 189?
9
What is the highest common divisor of 5260 and 340?
20
Calculate the greatest common factor of 384 and 72.
24
What is the highest common divisor of 108 and 360?
36
Calculate the greatest common divisor of 51 and 221.
17
What is the highest common divisor of 222 and 2442?
222
What is the highest common divisor of 3 and 1069?
1
Calculate the highest common factor of 153 and 36.
9
What is the highest common divisor of 360 and 9?
9
Calculate the highest common factor of 549 and 9.
9
Calculate the greatest common divisor of 729 and 54.
27
What is the highest common divisor of 18571 and 49?
49
What is the highest common divisor of 447 and 9?
3
Calculate the greatest common factor of 22 and 319.
11
What is the highest common divisor of 22 and 2?
2
What is the highest common factor of 12 and 3?
3
Calculate the greatest common factor of 978 and 9454.
326
Calculate the greatest common divisor of 100 and 225.
25
What is the highest common divisor of 16 and 472?
8
What is the highest common divisor of 1078 and 7154?
98
Calculate the highest common factor of 117 and 25.
1
Calculate the greatest common divisor of 563 and 3.
1
Calculate the highest common divisor of 2185 and 115.
115
Calculate the greatest common divisor of 60 and 560.
20
What is the greatest common factor of 25 and 475?
25
What is the highest common divisor of 2346 and 3174?
138
Calculate the highest common factor of 24 and 6648.
24
What is the greatest common divisor of 1488 and 336?
48
Calculate the highest common divisor of 136 and 85.
17
What is the highest common factor of 7790 and 19?
19
What is the greatest common divisor of 21 and 56?
7
What is the highest common divisor of 1190 and 2765?
35
Calculate the highest common factor of 1134 and 405.
81
Calculate the highest common factor of 190 and 950.
190
What is the greatest common divisor of 2985 and 15?
15
What is the greatest common divisor of 459 and 2601?
153
Calculate the highest common factor of 1570 and 10.
10
Calculate the greatest common divisor of 15 and 15.
15
What is the greatest common divisor of 455 and 39?
13
What is the greatest common divisor of 366 and 3?
3
What is the greatest common divisor of 18 and 576?
18
Calculate the highest common divisor of 4004 and 78.
26
Calculate the greatest common factor of 48 and 528.
48
Calculate the highest common divisor of 8 and 3.
1
What is the greatest common divisor of 6 and 4?
2
What is the greatest common divisor of 24 and 1?
1
Calculate the greatest common factor of 3300 and 180.
60
Calculate the greatest common divisor of 144 and 16.
16
Calculate the greatest common divisor of 1104 and 144.
48
Calculate the greatest common factor of 248 and 124.
124
Calculate the highest common factor of 51 and 24.
3
Calculate the highest common divisor of 7 and 112.
7
Calculate the highest common factor of 160 and 224.
32
What is the greatest common factor of 1457 and 93?
31
Calculate the highest common divisor of 66 and 506.
22
Calculate the greatest common divisor of 120 and 45.
15
What is the highest common factor of 450 and 10?
10
Calculate the highest common divisor of 47071 and 103.
103
Calculate the greatest common factor of 1976 and 1040.
104
Calculate the highest common factor of 3270 and 30.
30
What is the greatest common factor of 270 and 63?
9
What is the highest common divisor of 16 and 88?
8
What is the highest common factor of 1102 and 266?
38
Calculate the highest common factor of 100 and 8.
4
What is the greatest common factor of 403 and 13?
13
What is the highest common factor of 27553 and 59?
59
What is the highest common factor of 265 and 53?
53
What is the highest common divisor of 6 and 462?
6
What is the greatest common divisor of 94 and 1457?
47
What is the greatest common factor of 1120 and 96?
32
What is the greatest common divisor of 420 and 1425?
15
What is the highest common divisor of 40 and 18880?
40
Calculate the highest common factor of 53403 and 21.
21
What is the greatest common factor of 824 and 8?
8
What is the highest common factor of 30 and 40?
10
What is the highest common divisor of 488 and 1830?
122
What is the greatest common divisor of 28 and 17150?
14
Calculate the greatest common factor of 33 and 2145.
33
What is the highest common divisor of 310 and 10?
10
Calculate the greatest common divisor of 3025 and 121.
121
What is the highest common divisor of 42 and 1113?
21
What is the greatest common divisor of 35 and 707?
7
What is the greatest common divisor of 161 and 12719?
161
Calculate the greatest common divisor of 710 and 16046.
142
Calculate the greatest common factor of 66 and 156.
6
Calculate the greatest common divisor of 42 and 154.
14
What is the greatest common divisor of 329 and 188?
47
Calculate the greatest common divisor of 343 and 49.
49
Calculate the highest common factor of 10517 and 104.
13
What is the greatest common factor of 24 and 4032?
24
Calculate the highest common factor of 188 and 611.
47
Calculate the greatest common divisor of 658 and 2303.
329
Calculate the greatest common factor of 288 and 2624.
32
What is the greatest common divisor of 92 and 16?
4
Calculate the greatest common divisor of 146 and 2.
2
Calculate the highest common divisor of 43425 and 75.
75
What is the greatest common factor of 13875 and 111?
111
What is the greatest common divisor of 16 and 104?
8
What is the highest common factor of 10 and 1745?
5
What is the greatest common factor of 18 and 1170?
18
Calculate the highest common factor of 3860 and 36.
4
What is the highest common divisor of 1300 and 1690?
130
What is the highest common divisor of 34 and 16?
2
What is the greatest common factor of 40 and 65?
5
Calculate the greatest common divisor of 5110 and 42.
14
Calculate the highest common factor of 26 and 5.
1
What is the greatest common factor of 602 and 77?
7
What is the greatest common divisor of 75 and 435?
15
Calculate the greatest common factor of 368 and 253.
23
Calculate the greatest common divisor of 288 and 126.
18
What is the highest common divisor of 28 and 147?
7
What is the highest common divisor of 624 and 390?
78
Calculate the highest common divisor of 14340 and 120.
60
What is the greatest common factor of 1062 and 54?
18
What is the highest common divisor of 6 and 42?
6
Calculate the highest common factor of 4806 and 54.
54
What is the greatest common factor of 185 and 1184?
37
What is the highest common divisor of 100 and 4900?
100
What is the highest common divisor of 11782 and 274?
274
Calculate the highest common divisor of 710 and 1704.
142
What is the greatest common divisor of 378 and 1242?
54
Calculate the highest common divisor of 55419 and 91.
91
What is the highest common divisor of 245 and 9751?
49
Calculate the highest common divisor of 353 and 8.
1
Calculate the greatest common factor of 80 and 1744.
16
What is the greatest common factor of 124 and 93?
31
Calculate the highest common factor of 36 and 1254.
6
What is the highest common divisor of 21 and 133?
7
Calculate the highest common factor of 9 and 15.
3
What is the highest common factor of 12820 and 20?
20
Calculate the highest common divisor of 224 and 616.
56
What is the highest common factor of 4685 and 10?
5
What is the highest common factor of 676 and 104?
52
Calculate the highest common factor of 152 and 8.
8
What is the highest common divisor of 50 and 2920?
10
Calculate the greatest common factor of 4216 and 51.
17
Calculate the highest common factor of 28 and 602.
14
Calculate the highest common divisor of 3424 and 642.
214
What is the highest common divisor of 12299 and 49?
49
What is the greatest common factor of 120 and 1490?
10
What is the greatest com